Let d(u) = u**3 - 28*u**2 - 89*u - 1248. Give d(32).
0
Let c(b) = -54*b + 1138. Give c(21).
4
Let g(b) = b**2 - 183*b - 31036. Give g(-107).
-6
Let i(h) = -10*h**2 - 223*h - 1151. What is i(-14)?
11
Let z(f) = -2*f**2 + 198*f - 4820. Determine z(56).
-4
Let c(n) = n**3 - 6*n**2 + 4*n - 175. Determine c(0).
-175
Let p(z) = -z**3 - 25*z**2 - 10*z - 296. What is p(-25)?
-46
Let j(z) = 140*z + 724. Calculate j(-5).
24
Let d(i) = 2*i**2 - 144*i + 661. Calculate d(5).
-9
Let x(y) = y**2 + 65*y + 822. Give x(-48).
6
Let v(w) = w**2 + 17*w - 109. Give v(5).
1
Let o(w) = -9*w**2 - 55*w - 105. Give o(-6).
-99
Let l(x) = -209*x**3 - 31*x**2 - 24*x + 7. Calculate l(-1).
209
Let b(z) = 6324*z + 31626. Determine b(-5).
6
Let v(u) = -u**3 - 20*u**2 + 149*u - 216. What is v(5)?
-96
Let b(a) = -5*a**3 - a**2 - 38*a - 36. Give b(-1).
6
Let v(j) = -10*j - 714. Give v(-64).
-74
Let y(d) = -5*d**3 - d**2 + 240*d + 242. Give y(-1).
6
Let h(u) = -3*u**2 + 25*u + 177. Give h(13).
-5
Let h(t) = -t**3 + 22*t**2 - 28*t + 163. Calculate h(21).
16
Let o(v) = -820*v + 22952. Calculate o(28).
-8
Let o(h) = -3*h**3 + 14*h**2 - 3*h + 2. What is o(4)?
22
Let s(j) = -8*j**3 + 3*j**2 - 4*j. Give s(1).
-9
Let d(t) = -8*t**2 + 269*t + 527. Calculate d(-2).
-43
Let o(c) = 2*c**2 - 125*c + 1943. Give o(31).
-10
Let k(f) = 3*f**2 - 7*f - 26. Calculate k(9).
154
Let l(j) = 33*j**2 + 20*j - 2. What is l(-1)?
11
Let c(u) = -u**2 - u + 83. Give c(-14).
-99
Let y(g) = g**3 + 10*g**2 + 4*g - 31. Give y(-9).
14
Let r(t) = -2*t**3 + 48*t**2 - t + 16. Determine r(24).
-8
Let f(q) = -q**3 + 10*q**2 + q - 114. Determine f(9).
-24
Let b(h) = -20*h - 345. Determine b(-19).
35
Let t(z) = 4*z**3 - 2*z**2 + 5*z + 6. What is t(-1)?
-5
Let w(r) = 13*r**2 - 217*r - 41. What is w(17)?
27
Let z(o) = -277*o**2 + 41*o - 43. Give z(1).
-279
Let y(j) = -164*j + 2541. Give y(14).
245
Let r(d) = -5*d**2 + 102*d + 619. Give r(-6).
-173
Let q(k) = 5*k**2 + 22*k - 8. Determine q(-9).
199
Let o(k) = -60*k - 2633. Give o(-44).
7
Let l(s) = s**3 + 47*s**2 + 180*s + 2146. Calculate l(-44).
34
Let r(y) = y**2 + 29*y - 149. Calculate r(10).
241
Let c(x) = -10*x**2 - 118*x - 2. Determine c(-5).
338
Let u(b) = 4*b**3 + 12*b**2 - 4*b - 22. Give u(2).
50
Let y(w) = 17*w**2 - 3832*w - 2260. What is y(226)?
0
Let t(i) = -47*i - 326. What is t(-7)?
3
Let w(n) = -n**3 + n**2 + 107*n + 643. Give w(13).
6
Let f(i) = 125*i - 30027. Calculate f(240).
-27
Let v(s) = -289*s**2 - 19931*s + 695. Calculate v(-69).
5
Let x(k) = 20408*k - 408157. Give x(20).
3
Let n(g) = -11*g**2 - 174*g - 12. Calculate n(-10).
628
Let j(b) = b**2 + 136*b + 1521. Calculate j(-11).
146
Let f(z) = 2*z**3 + 11*z**2 + 12*z + 2. Determine f(-3).
11
Let k(u) = 6*u**2 + 126*u - 419. Give k(-24).
13
Let m(w) = 11462*w + 22953. Calculate m(-2).
29
Let r(z) = z**3 - 5*z**2 + 3*z - 20. Determine r(6).
34
Let d(x) = 2*x**3 + 11*x**2 + 16*x - 1. Determine d(-4).
-17
Let v(p) = -p**3 - 177*p**2 + 548*p + 1430. What is v(-180)?
-10
Let j(z) = 202*z + 2184. Give j(-11).
-38
Let s(h) = 14*h**2 - 84*h - 10. Calculate s(6).
-10
Let i(c) = -3*c**3 - 21*c**2 - 4*c - 124. What is i(-8)?
100
Let l(i) = 8*i - 49. Calculate l(15).
71
Let y(k) = k**2 - 80*k + 916. What is y(73)?
405
Let m(d) = -118*d - 26205. What is m(-222)?
-9
Let q(l) = 10*l**2 - 684*l - 9651. Calculate q(-12).
-3
Let r(o) = -341*o - 213. Give r(-1).
128
Let s(b) = -2*b**2 + 2*b + 106. Calculate s(13).
-206
Let z(s) = -11*s**3 - 418*s**2 - 20*s - 759. Determine z(-38).
1
Let i(h) = -409*h - 2855. Determine i(-7).
8
Let s(o) = -o**2 - 1120*o + 6757. Give s(6).
1
Let x(a) = 8*a**2 + 4*a - 5. Give x(-3).
55
Let f(z) = z**3 - 68*z**2 + 26*z + 2747. Calculate f(67).
0
Let q(w) = -w**3 - 15*w**2 + 82*w - 18. Give q(4).
6
Let k(l) = -5*l + 102. Give k(8).
62
Let h(u) = -u**3 + u**2 + 40*u + 23. What is h(7)?
9
Let m(g) = -3*g**2 + 1311*g - 2622. Give m(2).
-12
Let b(h) = 2*h**2 + 340*h + 5480. Calculate b(-18).
8
Let v(s) = 4*s**3 - 9*s**2 + s + 4. What is v(4)?
120
Let p(t) = -8*t**3 + 109*t**2 + 10*t - 6. Give p(14).
-454
Let x(a) = -299*a - 5908. Determine x(-20).
72
Let s(p) = -8*p + 67. Give s(5).
27
Let d(w) = 49*w**3 + 2*w**2 - 13*w + 13. Calculate d(1).
51
Let p(h) = -4*h - 33. What is p(-10)?
7
Let l(w) = 394*w - 7106. Calculate l(18).
-14
Let o(j) = -301*j - 1806. Calculate o(-6).
0
Let s(j) = -81*j - 1018. What is s(-12)?
-46
Let v(o) = o**2 - 54*o + 224. Give v(44).
-216
Let y(d) = 221*d + 162. Give y(-1).
-59
Let v(p) = -3*p**2 - 16*p + 47. Give v(0).
47
Let h(t) = -t**3 + 527*t**2 + 1602*t + 43. Calculate h(-3).
7
Let z(c) = 9*c - 197. Calculate z(21).
-8
Let u(q) = -2*q**2 - 83*q - 113. Determine u(-39).
82
Let m(b) = -5*b**2 - b + 12. What is m(-1)?
8
Let g(j) = j**3 + 12*j**2 + 11*j - 43. Calculate g(-9).
101
Let y(c) = 4*c - 150. Determine y(35).
-10
Let u(q) = 2*q**3 - 212*q**2 - 217*q + 330. What is u(107)?
9
Let v(y) = y**3 - 18*y**2 + 14*y - 32. What is v(17)?
-83
Let n(b) = -21788*b - 196087. Give n(-9).
5
Let b(h) = -319*h + 6360. What is b(20)?
-20
Let i(k) = 6*k**2 - 18*k - 2046. Calculate i(20).
-6
Let c(x) = -2*x**2 - 32*x + 87. Give c(-18).
15
Let g(l) = 106*l - 237. What is g(1)?
-131
Let n(j) = 39*j - 552. Calculate n(18).
150
Let s(j) = -j**2 - 32*j + 702. Determine s(-47).
-3
Let n(i) = 5*i**3 + 6*i**2 - 6*i - 11. Calculate n(4).
381
Let r(w) = 46*w**2 - 224*w. Determine r(5).
30
Let y(h) = 41*h**2 + 335*h + 43. Give y(-8).
-13
Let t(f) = 196*f + 4589. What is t(-24)?
-115
Let b(q) = -195*q + 1237. Determine b(7).
-128
Let r(i) = 49*i + 13. What is r(2)?
111
Let n(g) = -21*g**2 - 54*g - 1. Calculate n(-1).
32
Let a(b) = -3*b**3 + b**2 - 2*b + 3. What is a(3)?
-75
Let f(z) = -10*z + 89. Calculate f(9).
-1
Let q(n) = 47*n**3 - 23735*n**2 - n + 499. Give q(505).
-6
Let t(u) = u**3 + 156*u**2 + 6066*u - 147. Determine t(-82).
17
Let k(i) = -15*i**3 - 15*i**2 - 24*i - 9. What is k(-1)?
15
Let l(p) = -p**2 + 46*p + 814. Calculate l(59).
47
Let k(m) = 3*m**3 - 3*m**2 - 25*m - 2. What is k(4)?
42
Let m(b) = -21*b + 35. Calculate m(-2).
77
Let v(k) = 5*k**3 + 53*k**2 + 90*k + 5. Give v(-2).
-3
Let k(q) = 9*q**2 + 30*q + 15. What is k(-4)?
39
Let s(l) = -26*l + 1248. Calculate s(48).
0
Let a(u) = u**3 - 10*u**2 + 30*u - 55. Calculate a(6).
-19
Let m(z) = -28*z**3 - 4*z**2 + 18*z - 12. Give m(1).
-26
Let d(x) = x**3 + 12*x**2 + 85*x + 421. Calculate d(-5).
171
Let k(q) = 83*q + 2863. What is k(-34)?
41
Let o(x) = -x**2 + 112*x - 2530. Give o(31).
-19
Let x(c) = c**3 + 37*c**2 + 231*c - 20. Give x(-29).
9
Let a(q) = 13*q - 858. Determine a(65).
-13
Let g(a) = -a**2 - 51*a - 374. Calculate g(-42).
4
Let y(n) = 3*n**3 + 4*n**2 - 6*n - 13. What is y(-2)?
-9
Let n(c) = 63*c + 30. Calculate n(-6).
-348
Let b(a) = -11*a - 24. Calculate b(-16).
152
Let o(q) = -3*q**2 + 67*q - 5. What is o(30)?
-695
Let l(y) = 1267*y + 3837. What is l(-3)?
36
Let y(f) = f**3 + 14*f**2 + 11*f - 44. What is y(-13)?
-18
Let d(o) = -o**2 + 33*o - 102. Determine d(4).
14
Let o(d) = 129*d**2 - 30*d - 30. Give o(-1).
129
Let h(w) = -336*w - 2025. Give h(-6).
-9
Let m(z) = -z**3 + 16*z**2 + 62*z - 1205. Determine m(14).
55
Let n(y) = 13*y**2 - 5*y + 11. Give n(2).
53
Let n(x) = 22*x**2 + 69*x - 37. Give n(-3).
-46
Let x(k) = -4248*k - 38212. Determine x(-9).
20
Let s(z) = -4788*z + 47843. Give s(10).
-37
Let r(i) = i**3 + 8*i**2 - 200*i - 1604. Calculate r(-8).
-4
Let n(u) = -63*u - 835. What is n(-13)?
-16
Let n(p) = -p**2 + 14*p + 47. Give n(-8).
-129
Let z(q) = -22*q**2 - 37*q + 31. Give z(1).
-28
Let h(s) = -3*s**3 + 2*s**2 - 11. What is h(-2)?
21
Let d(u) = -u**3 + 16*u**2 + 30*u - 43. Determine d(18).
-151
Let b(g) = 115*g + 129. Give b(-1).
14
Let d(x) = -2*x**3 - 7*x**2 + 55*x - 5. Calculate d(6).
-359
Let h(q) = 18*q - 258. Calculate h(11).
-60
Let z(y) = 133*y + 3596. Calculate z(-27).
5
Let d(a) = -a**3 - 2*a**2 + 21*a + 49. Determine d(-6).
67
Let u(j) = -5*j**2 + 198*j + 83. Calculate u(40).
3
Let b(t) = -281*t + 2253. What is b(8)?
5
Let i(f) = -525*f + 3158. Calculate i(6).
8
Let q(x) = x**3 - 28*x**2 - 138*x - 48. What is q(32)?
-368
Let k(y) = -9*y**3 + 4*y**2 - 7*y. Calculate k(-3).
300
Let u(t) = 28*t**2 + 718*t - 171. What is u(-26)?
89
Let i(u) = -80*u**2 - 1928*u - 162. Calculate i(-24).
30
Let g(c) = 